 31, 169307
What are the prime factors of 149385599?
11, 47, 288947
List the prime factors of 249242953.
1933, 128941
List the prime factors of 107300693.
281, 381853
List the prime factors of 74218823.
7, 10602689
What are the prime factors of 1030854985?
5, 101, 2041297
List the prime factors of 13575619.
563, 24113
List the prime factors of 22776208.
2, 7, 13, 15643
What are the prime factors of 375975612?
2, 3, 59, 177013
What are the prime factors of 2588055131?
2588055131
List the prime factors of 2129904523.
2129904523
List the prime factors of 163262610.
2, 3, 5, 7, 37021
What are the prime factors of 14825873?
29, 511237
What are the prime factors of 77429641?
37, 2092693
List the prime factors of 1944048753.
3, 17, 421, 30181
What are the prime factors of 151682288?
2, 41, 231223
What are the prime factors of 138271643?
1669, 82847
What are the prime factors of 5477940811?
7, 223, 3509251
List the prime factors of 374924719.
13, 28840363
List the prime factors of 486252965.
5, 11, 8840963
List the prime factors of 1609580728.
2, 7, 127, 227, 997
What are the prime factors of 21765058?
2, 7, 823, 1889
List the prime factors of 158992641.
3, 293, 60293
List the prime factors of 178269155.
5, 1609, 22159
What are the prime factors of 3130593524?
2, 782648381
What are the prime factors of 973327487?
11, 971, 91127
What are the prime factors of 1779279335?
5, 131, 2716457
List the prime factors of 219547414.
2, 109773707
List the prime factors of 895574103.
3, 298524701
List the prime factors of 1138038985.
5, 31, 7342187
What are the prime factors of 45240228?
2, 3, 11, 113, 337
What are the prime factors of 1310287000?
2, 5, 11, 23, 5179
What are the prime factors of 5311591353?
3, 353, 521, 3209
List the prime factors of 1714656167.
7, 34992983
What are the prime factors of 796741187?
11, 313, 231409
List the prime factors of 51819699.
3, 17273233
List the prime factors of 108535303.
108535303
What are the prime factors of 69185351?
69185351
List the prime factors of 47576263.
7, 2411, 2819
List the prime factors of 1673223651.
3, 11, 16901249
What are the prime factors of 173593978?
2, 86796989
List the prime factors of 370606028.
2, 13, 7127039
What are the prime factors of 668751468?
2, 3, 7, 11, 31, 37, 631
List the prime factors of 1309582952.
2, 163697869
What are the prime factors of 851659269?
3, 29, 487, 20101
What are the prime factors of 1616167312?
2, 23, 769, 5711
List the prime factors of 184313887.
184313887
List the prime factors of 267807915.
3, 5, 31, 191977
What are the prime factors of 211506203?
67, 3156809
List the prime factors of 829948787.
829948787
List the prime factors of 11763827.
53, 173, 1283
List the prime factors of 172386174.
2, 3, 3467, 8287
What are the prime factors of 1809960729?
3, 19, 4733, 6709
List the prime factors of 126043824.
2, 3, 59, 44507
List the prime factors of 101709264.
2, 3, 29, 31, 2357
List the prime factors of 126465043.
126465043
List the prime factors of 14520354.
2, 3, 37, 65407
List the prime factors of 235360684.
2, 13, 4526167
What are the prime factors of 1474790181?
3, 401, 1225927
What are the prime factors of 3842346264?
2, 3, 160097761
List the prime factors of 18104060.
2, 5, 13, 179, 389
What are the prime factors of 763303301?
763303301
List the prime factors of 770173880.
2, 5, 7, 29, 94849
List the prime factors of 1483575118.
2, 23, 311, 103703
What are the prime factors of 85215625?
5, 11, 37, 67
List the prime factors of 64572286.
2, 263, 122761
List the prime factors of 85322654.
2, 19, 2245333
What are the prime factors of 22347073?
7, 3192439
List the prime factors of 689116849.
431, 751, 2129
List the prime factors of 2767454400.
2, 3, 5, 576553
What are the prime factors of 87833410?
2, 5, 7, 853, 1471
List the prime factors of 34047082.
2, 47, 362203
What are the prime factors of 1612780?
2, 5, 13, 6203
List the prime factors of 758049383.
7, 13, 8330213
List the prime factors of 63455110.
2, 5, 659, 9629
List the prime factors of 6492229587.
3, 721358843
What are the prime factors of 1683279234?
2, 3, 7, 13, 1027643
List the prime factors of 158385533.
158385533
What are the prime factors of 519278123?
7, 13, 5706353
List the prime factors of 90573285.
3, 5, 11, 19, 167, 173
List the prime factors of 109547721.
3, 1352441
List the prime factors of 393739845.
3, 5, 26249323
What are the prime factors of 1016821358?
2, 7, 587, 123731
List the prime factors of 481539726.
2, 3, 26752207
What are the prime factors of 1572607502?
2, 103, 1021, 7477
List the prime factors of 31831423.
13, 97, 25243
List the prime factors of 139154099.
7, 19879157
List the prime factors of 47676949.
101, 103, 4583
List the prime factors of 4190989376.
2, 7, 9354887
What are the prime factors of 4578590034?
2, 3, 43, 5915491
List the prime factors of 468320525.
5, 43, 435647
What are the prime factors of 606609678?
2, 3, 41, 521, 4733
List the prime factors of 323657856.
2, 3, 19, 31, 53
List the prime factors of 43025291.
19, 83, 27283
List the prime factors of 441791742.
2, 3, 7, 29, 51817
List the prime factors of 1621979753.
1621979753
List the prime factors of 88028176.
2, 17, 23, 14071
List the prime factors of 3645734353.
15313, 238081
What are the prime factors of 354243232?
2, 7, 1581443
What are the prime factors of 64305173?
64305173
What are the prime factors of 294250444?
2, 73, 631, 1597
List the prime factors of 974615800.
2, 5, 23, 211873
List the prime factors of 1593644985.
3, 5, 157, 225569
List the prime factors of 347202874.
2, 173601437
List the prime factors of 1678599123.
3, 3989, 140269
List the prime factors of 10377668.
2, 7, 370631
List the prime factors of 254216237.
11, 23110567
What are the prime factors of 1417609967?
7541, 187987
List the prime factors of 174782905.
5, 11, 211, 15061
What are the prime factors of 1081342387?
223, 251, 19319
What are the prime factors of 1280697333?
3, 29, 14720659
What are the prime factors of 23260256?
2, 19, 67, 571
What are the prime factors of 398687078?
2, 5737, 34747
List the prime factors of 83345992.
2, 239, 43591
List the prime factors of 21648665.
5, 4329733
What are the prime factors of 59350035?
3, 5, 37, 106937
List the prime factors of 761890318.
2, 7, 23, 338017
What are the prime factors of 223975351?
47, 1289, 3697
List the prime factors of 3500061.
3, 1166687
What are the prime factors of 2517947642?
2, 7, 179853403
List the prime factors of 120319195.
5, 1789, 13451
List the prime factors of 477360229.
477360229
List the prime factors of 415687524.
2, 3, 7, 4948661
What are the prime factors of 1694569199?
3499, 484301
What are the prime factors of 201707453?
43, 53, 67, 1321
What are the prime factors of 242597143?
242597143
List the prime factors of 126975307.
126975307
List the prime factors of 2059587898.
2, 1029793949
What are the prime factors of 316358125?
5, 506173
List the prime factors of 4672188810.
2, 3, 5, 17304403
What are the prime factors of 586912537?
37, 61, 443, 587
List the prime factors of 754601289.
3, 13, 19348751
List the prime factors of 2019769342.
2, 1009884671
What are the prime factors of 1600286676?
2, 3, 173, 421, 1831
List the prime factors of 927486011.
193, 1087, 4421
What are the prime factors of 111560671?
111560671
List the prime factors of 3398257681.
7, 13, 37343491
List the prime factors of 125525459.
125525459
List the prime factors of 4488940628.
2, 167, 991, 6781
What are the prime factors of 21615664?
2, 7, 79, 349
List the prime factors of 3849832800.
2, 3, 5, 11, 491
List the prime factors of 2951509126.
2, 331, 4458473
List the prime factors of 388010844.
2, 3, 13, 43, 6427
What are the prime factors of 230120541?
3, 7, 53, 22973
What are the prime factors of 23881182?
2, 3, 13, 306169
List the prime factors of 28428660.
2, 3, 5, 13, 12149
List the prime factors of 47692461.
3, 43, 369709
List the prime factors of 2367149465.
5, 73, 89, 72869
List the prime factors of 190495534.
2, 95247767
What are the prime factors of 53718389?
67, 167, 4801
List the prime factors of 43623150.
2, 3, 5, 290821
List the prime factors of 6870251.
31, 221621
List the prime factors of 503138891.
503138891
List the prime factors of 31835580.
2, 3, 5, 7, 229, 331
L